x**2 + 13*x + 8. Let b(u) = -3*u**2 - u. Let p(z) = 4*b(z) + v(z). Suppose -2*c + 3*d = -7*c - 36, 16 = -3*c + d. Calculate p(c).
-10
Let i = -6 - -3. Let z(c) = -3*c**3 - 17*c**2 - 5*c - 11. Let t(j) = j**3 + 6*j**2 + 2*j + 4. Let d(k) = 8*t(k) + 3*z(k). Determine d(i).
-4
Let r(p) = p**2 - p + 2. Suppose -3*u = 3 - 12. Let w be r(u). Let s = w - 3. Let q(f) = f**2 - 7*f + 7. What is q(s)?
-3
Suppose 2*r - 3*r = 0. Suppose 0 = -r*u + 5*u. Let k(z) be the third derivative of -z**6/120 - z**5/60 + z**4/24 - 5*z**3/6 - 4*z**2. Determine k(u).
-5
Let y(s) = 3*s**2. Let r be y(1). Let o(w) = -3*w**2 + 0*w + r - 4*w + w**3 - 2 + 2*w. Determine o(3).
-5
Let l(y) be the first derivative of -y**3/3 - y**2 + 12*y + 2. Determine l(-5).
-3
Suppose 4 + 0 = 2*w. Suppose -w*k = -5*k + 24. Let c(g) = g**3 - 8*g**2 + g - 4. Determine c(k).
4
Suppose l = -0 - 3. Let t(k) be the third derivative of -k**6/720 - k**5/120 - 5*k**4/24 + k**2. Let z(o) be the second derivative of t(o). Give z(l).
2
Suppose -3*b + 3 = -4*w + 29, -b = -3*w + 17. Let v be (-147)/(-15) + b/(-10). Let y = 6 - v. Let x(q) = -2*q - 6. What is x(y)?
2
Let u = 3 - 6. Let i(d) = 1. Let h(k) = -k + 3. Suppose -3*s + 1 - 4 = 0. Let m(f) = s*h(f) + 5*i(f). What is m(u)?
-1
Let c(f) be the third derivative of -f**4/8 - f**3/3 + 19*f**2. Determine c(3).
-11
Let z(i) be the third derivative of i**6/120 - i**5/10 - i**4/24 + 4*i**3/3 + i**2. Let d be z(6). Let p(o) = 0 + 3 - 2*o + o**3 - 2 - d*o**2. Determine p(3).
4
Let i(c) be the second derivative of -c**3/3 + 19*c. Suppose 3*n = -0 - 6. Let u be (3/(-6))/(n/4). What is i(u)?
-2
Let n be 3 + (-80)/((-2)/1). Let m(r) = -1 + n*r + 5 - 45*r. What is m(4)?
-4
Let d(c) = -1 + 21*c + 20*c - 42*c + c**2. Determine d(-1).
1
Let w(y) be the second derivative of y**4/12 - y**3/6 - 3*y. Let t(c) = -c**3 - 2*c**2 + 7*c. Suppose z + 20 = -3*z. Let s(u) = z*w(u) - t(u). What is s(3)?
-6
Let j be 4/14 + (-10)/(-14). Let t = -12 - -14. Let v(a) = j - 3*a - 5 + t*a. Calculate v(-3).
-1
Let d(u) = -u**2 + 4*u. Suppose -5*i + s = -4*i - 8, -s + 4 = 3*i. Let a(r) be the first derivative of -r**3/3 + 2*r**2 - 1. Let o be a(i). What is d(o)?
3
Let x be 1/(-1) + 0 + 3. Let c(o) = -o**3 - 1. Let j(y) = -3*y**3 + 4*y**2 + y - 6. Let r(n) = x*c(n) - j(n). Determine r(4).
0
Let m(y) = -y + 4. Let l(k) = -3*k + 13. Let q(t) = -2*l(t) + 7*m(t). Calculate q(-5).
7
Let l be (5 + 1)/(-1*1). Let c = l + 10. Let b(r) = -r + 1 + 4 + 0. Calculate b(c).
1
Let o(r) = 2 + 0*r + r + r. Let f be ((-4)/(1 + -2))/2. Suppose 5*y + 24 = -v, 2*y + f*y - 3*v + 4 = 0. Calculate o(y).
-6
Let k(o) = -o**3 + 3*o**2 + 1. Let b = -9 + 11. Calculate k(b).
5
Let q(v) = 19*v - 16. Let t(m) = -13*m + 11. Let n(o) = -5*q(o) - 7*t(o). Determine n(-3).
15
Let j(n) be the second derivative of n**5/20 - 5*n**4/12 + n**3/2 - 2*n**2 + 2*n. Let x be 1/(-2)*(-20)/1. Let c = x - 6. Calculate j(c).
-8
Let b(o) = o**2 + 2*o - 1. Let h(j) = -2*j**2 - 2*j + 1. Suppose 3*g - 3*s = -6*s - 24, -s - 32 = 5*g. Let x(c) = g*b(c) - 5*h(c). What is x(1)?
3
Let m(j) = j**2 + 0*j**2 - 4*j**2 - 1 - j**2. Give m(-1).
-5
Let s = -31 - -29. Let k(y) = y**3 + 2*y**2 + 2*y. Calculate k(s).
-4
Let q(j) = j**3 - 11*j**2 + 5. Let w(t) = t**3 - 12*t**2 + 6. Let h(x) = 6*q(x) - 5*w(x). Calculate h(6).
0
Let q(p) = p + 20. Let l be q(-6). Suppose 0 = w - 2*k - 1 + l, 3*w + 31 = 4*k. Let n(c) = c**2 + 7*c + 3. What is n(w)?
-7
Let b(d) be the third derivative of 0*d + 1/120*d**6 - 2/3*d**3 - 1/24*d**4 - 2*d**2 + 0*d**5 + 0. Determine b(0).
-4
Let f(o) = 2*o**3 + o**2 + 3*o - 1. Let m(c) = -c**3 - c + 1. Let n(w) = -3*f(w) - 7*m(w). Suppose -2 - 6 = 3*h + 5*p, 4 = 3*h + 2*p. What is n(h)?
4
Let m(c) = 4*c**2 + 1 - 5*c**2 - 2. Let i be -3 + 1 + (-1 + 1 - 0). What is m(i)?
-5
Let v(u) = -u**3 - 4*u**2 + 2*u - 2. Let m be v(-3). Let t = m + 19. Let q(y) = -y**2 + 2*y - 3. Calculate q(t).
-3
Let q(b) = -b**3 + 8*b**2 - 6*b - 8. Let r(u) = -u**2 - 5*u + 1. Let l be r(-3). Determine q(l).
-1
Let z(n) = -n**3 - 4*n**2 + 4*n. Let k = -3 - -5. Suppose a - 1 = 5*g, -3*g = k*a - 6*a + 4. Let q be (-2 + g)*(-15)/(-6). What is z(q)?
5
Suppose 2*k = -5*z + 26, 3*k - 6 = 5*k - 3*z. Let u(y) = y**3 - 3*y**2 + 5*y - 4. What is u(k)?
11
Let r be 2/11 + 285/(-55). Let d(t) = t**3 + 4*t**2 - 5*t - 5. Calculate d(r).
-5
Let t(u) = 4*u**3 + 4*u**2 + 4*u + 1. Let x(d) = d**3 + d**2 + d. Let r(c) = t(c) - 3*x(c). Determine r(-2).
-5
Let h(l) = l. Let n(g) = 4*g + 4. Let a(y) = 2*h(y) - n(y). Suppose -1 = -m - 5. Calculate a(m).
4
Let i(b) = b**2 + 4*b - 3. Let k be i(-4). Let f(n) be the first derivative of n**4/4 + n**3 - n**2/2 + n + 1. Determine f(k).
4
Let h(n) = -n + 6. Let g = -7 + 13. Let r be h(g). Let v(f) = -2*f**2 - 5*f - 14. Let z(t) = t**2 + 3*t + 7. Let k(w) = 4*v(w) + 7*z(w). Calculate k(r).
-7
Let y(r) = 2*r**2 + 9*r + 2. Let l(d) = -3*d**2 - 10*d - 2. Let q(j) = -3*l(j) - 4*y(j). Let b be 1 + 0 + 1 + 0. Suppose -15 = -v - b*v. Calculate q(v).
-7
Let d(m) = -m**3 + 3*m**2 + 3*m + 8. Let t be d(4). Let v(r) be the first derivative of -4*r + 2 - 1/2*r**2. What is v(t)?
-8
Let j(v) = 0*v - 3*v + 141 - 139. Calculate j(-6).
20
Suppose 0 = 2*g + g + 12. Let k(w) = -w**3 + w**2 + w. Let j(z) = 6*z**3 - z**2 - 5*z + 5. Let r(p) = -j(p) - 5*k(p). What is r(g)?
-5
Let a(t) be the first derivative of t**2/2 - 9*t - 1. Let o be -1 + -2 + (4 - -4). Give a(o).
-4
Let n(a) be the third derivative of a**6/24 - a**5/30 - a**4/24 + 16*a**2. Give n(-1).
-6
Let k = -55 - -90. Let f be 26/(-7) + (-10)/k. Let d(c) = -c**2 - 5*c - 6. Determine d(f).
-2
Let x be -9 - (-6)/3 - -1. Let f = x - -8. Let w(m) = 3*m**2 - 3 + 6*m + 0*m - m**3 - f. Determine w(4).
3
Let h = -20 + 22. Let t(i) = -2*i - 8. Let p(f) = 6*f - 4 - 4*f - 3*f. Let z(j) = h*t(j) - 5*p(j). What is z(4)?
8
Let a(x) = 1. Let i(m) = -m - 2. Let w(j) = 2*a(j) + i(j). Calculate w(5).
-5
Let g(v) = v - 3. Let x be g(5). Let h(i) = -x*i + 4 + 0*i + i. Suppose 4*b - 7 = 2*w + 7, -4*w + 4*b - 8 = 0. Determine h(w).
1
Let q(y) = 5*y**2 + y - 1. Let s = -71 - -72. Give q(s).
5
Let g(o) = 5*o**2 - 3*o - 40*o**3 + 6*o + 41*o**3 - 2. Calculate g(-4).
2
Let v(i) = 2*i**3 - i**2 - 2*i - 1. Let m(c) = c**3 + 10*c**2 + 10*c + 8. Let x be m(-9). Calculate v(x).
-2
Let h be (3/(-6))/(3/(-12)). Let a(v) = -v - 2. What is a(h)?
-4
Suppose 0 = -2*v + 8 + 2. Let l(d) = d**3 - 6*d**2 + 3*d + 3. Give l(v).
-7
Let v(g) = -g**3 + g - 2. Let r be v(1). Let l(d) = d**3 + d**2 - 2*d + 1. Give l(r).
1
Let x(b) = -3*b - 2. Suppose 0 = -r + 2 - 0. Determine x(r).
-8
Let d be ((-6)/8 + 0)*4. Let h(c) = 90*c**2 - 172*c**2 + 4*c + 83*c**2. Give h(d).
-3
Let a(c) = 2*c - 26. Let y be a(15). Suppose -k = 3*k - 16. Let j(f) = k + 4*f**2 + 1 - 3*f - f**3 - 1. Give j(y).
-8
Let n(j) = -2*j. Let x(f) = -f - 2*f**2 + 3*f**2 + 8*f + 2. Let p be 5/((-15)/18) - 1. Let z be x(p). Determine n(z).
-4
Let g(s) = -s**3 + 7*s**2 - 4*s - 4. Let i(m) = 2*m - 2 - m**3 + 8*m**2 - 2*m - 2. Let t be i(8). Let z be (-24)/t*(0 + 1). Calculate g(z).
8
Let r(g) = 12 + 6 + 4*g - 19. Determine r(1).
3
Let b(i) be the second derivative of 1/2*i**3 - 1/2*i**4 - 2*i + 1/20*i**5 + 0 + 3*i**2. What is b(5)?
-4
Suppose -z = -6*z + 10. Suppose -2*o + 5 = -1. Let l(m) = 2*m**2 + m + 1 - o + 0. Calculate l(z).
8
Let y be (2 + 0 - -8)/(-1). Let p = y - -7. Let k = 7 + p. Let l(m) = -m - 1. Determine l(k).
-5
Let m(j) be the third derivative of -j**5/60 - 5*j**4/24 + j**3/2 - 14*j**2. Give m(-6).
-3
Let k(a) = a**3 + 4*a**2 + 2*a + 1. Let g(m) = m**3 - 4. Let p be (-2 - -3 - 1)/2. Let u be g(p). Calculate k(u).
-7
Let r(d) = -5*d + 6. Let m(j) = -j + 1. Let o(w) = 6*m(w) - r(w). Determine o(1).
-1
Let p(g) = 7*g**2 + 7*g + 6. Let d(l) = 5*l**2 - 8*l**2 + 2*l**2 + 6*l + 8*l**2 + 5. Let x(i) = 7*d(i) - 6*p(i). Calculate x(-1).
6
Let f(y) = -19*y - 2. Let i(u) = 10*u + 1. Let b(k) = 6*f(k) + 11*i(k). Let j = 22 + -15. Let d(p) = p**2 - 8*p + 8. Let s be d(j). What is b(s)?
-5
Let w(f) = -50*f + 3 + 4 + 51*f. Let g(r) = r**3 - 11*r**2 + 10*r. Let o be g(10). What is w(o)?
7
Let r(g) = -g - 3. Let z = 199 + -205. Determine r(z).
3
Let j(l) = -6*l + 4 + 0*l - l - 5*l**2 + 9*l**2. Let x(v) = -v**2 - 1. Let o(m) = j(m) + 3*x(m). What is o(6)?
-5
Let k(h) = 8*h + 3*h - 10*h. Let n b